**3 + 12*s**2 - 14*s + 32. Let w be o(11). What are the prime factors of 676 + 10 + (6/w)/3?
2, 3, 19
List the prime factors of (332/16)/((90/2544)/15).
2, 53, 83
Let g be 98/637 + ((-1036)/(-26) - 0). Suppose 2740 = -g*x + 45*x. List the prime factors of x.
2, 137
Let h = -70 + 83. What are the prime factors of (6 - 0 - h)*-83*1?
7, 83
Let t(l) = 6*l + 59. Let w be t(-10). Let b = 121 - w. List the prime factors of b.
2, 61
Suppose -5*d = 12 - 42. Suppose -5*r + 4*r = -2*i + 8, 12 = -3*r. Suppose 0 = -3*q - d, i*q = -2*h + 602 - 238. What are the prime factors of h?
2, 23
Let z(w) = -w**2 - 16*w + 20. Let m be z(-18). Let h be 114/((-2)/m*-6). Let y = h - -268. What are the prime factors of y?
2, 29
Suppose -4*v + 36925 = 2*i + 9713, -i = -5*v + 33994. What are the prime factors of v?
2, 5, 17
Let i = 1136 + -1138. Let j(g) = -27*g - 1. Let v(r) = 27*r. Let k(u) = 4*j(u) + 3*v(u). List the prime factors of k(i).
2, 5
Let j be ((-1 - 0) + 0)*5. Let r be j + 2*(-2)/8*-2. List the prime factors of 1*-68*2/r.
2, 17
Suppose 513 = -8*w + 529. Let c(m) = 230*m**3 + m**2 - 4*m + 10. List the prime factors of c(w).
2, 13, 71
Suppose -5*d = -4*d - 15. Let t(l) = l**3 - 14*l**2 - 2*l - 3. Let u be t(d). Suppose u - 66 = z. What are the prime factors of z?
2, 3, 7
Suppose -27*a + 23*a - 4*v = -23456, 5*v = 4*a - 23483. What are the prime factors of a?
5867
Suppose -46*s + 280 = -39*s. What are the prime factors of (1 - -2042)*(s/15 - 2)?
2, 3, 227
Suppose 21*s - 18*s + 5*k - 3804 = 0, -5*s + 6340 = -2*k. What are the prime factors of s?
2, 317
Let i = 221 - 217. Suppose 3*n - 24*h + 20*h = 1490, 0 = 2*n - i*h - 1000. What are the prime factors of n?
2, 5, 7
Let n(r) = -3*r + 16. Let i(l) = 5*l - 17. Let w(f) = -2*i(f) - 3*n(f). Let u be w(-16). Suppose -u*j = -4*j + 100. List the prime factors of j.
2, 5
Let n be (-16)/(672/(-777)) + (-6)/4. Let a(p) = 21*p + 38 - p**2 - 4*p**2 + 4*p**2. What are the prime factors of a(n)?
2, 53
Let g(t) = -5*t**2 + 21. Let i be g(0). List the prime factors of (-1750)/(-49) - (-6)/i.
2, 3
Suppose -29*o = -756 + 4816. List the prime factors of ((-744)/(-30))/((-4)/(o - 0)).
2, 7, 31
Let p be (-230)/(-55) + 1 - 2/11. Suppose -p*r - 44 = -7*r. Suppose 3*d - r = 221. List the prime factors of d.
3
Let f be (-15)/6*(3 - 5). Let t be -603*5/f*4/(-6). Suppose -462 = -8*w + t. What are the prime factors of w?
2, 3
Suppose 0 = s - 5. Suppose -4*b + 18 + 6 = -s*x, 12 = 2*b - x. Suppose 3*w - b = 3*p + 282, -2*w + 168 = 4*p. What are the prime factors of w?
2, 23
Suppose 0 = -18*t + 14*t + 28. Let x(w) = 28*w - 97. List the prime factors of x(t).
3, 11
Suppose 4*a - v = 20, -17 - 3 = -3*a + 2*v. Suppose 468 = 3*p - 3*d, a*p + 0*d = 5*d + 620. List the prime factors of p.
2, 5
Let b = 211 + -120. Suppose 5*i - 1356 = -b. What are the prime factors of i?
11, 23
Let q(z) = -2*z**3 + 45*z**2 - 8*z - 23. Let w(r) = 39*r - 17. Let l be w(1). What are the prime factors of q(l)?
3, 5, 19
Let h = -38 - -41. Suppose 20 = h*l - o, l + 4*o + 9 + 6 = 0. List the prime factors of 8 + 20/l + -1.
11
Suppose -28*m + 37*m - 396 = 0. Let y(j) = 3*j - 12*j**2 - 5 + 12*j**2 + m*j**2. List the prime factors of y(2).
3, 59
Suppose -4*y + 28650 = -3*f, 142*f - 143*f - 28638 = -4*y. What are the prime factors of y?
2, 3, 1193
Let g = -190 + 172. List the prime factors of (-13684)/g - (-4)/(-18).
2, 5, 19
Suppose 3*u - 39 = -5*i, -5*u = -4*i - i - 65. Let p be 21*((1 - -1) + -1). Suppose -1264 = -p*q + u*q. List the prime factors of q.
2, 79
Suppose -m - m = -5*u - 4, 3*m = -4*u + 6. Suppose -492 = -6*s - 48. Suppose u*n + 5*y - s = -n, 4*n - 212 = y. What are the prime factors of n?
2, 3
Let p = 132 - 15. Suppose p + 2355 = 6*h. List the prime factors of h.
2, 103
Let r(c) = 29*c**2 - c - 7 - 6 + 9 + 1 + 1. Let u(p) = p**2 + 6*p + 4. Let f be u(-5). What are the prime factors of r(f)?
2, 7
Let s(l) = -4*l + 8. Let q = 130 + -128. Let p be s(q). Suppose 4*i - 4*z - 164 = p, -4*i = -6*i - 3*z + 57. List the prime factors of i.
2, 3
Let u(c) = 1060*c - 4879. List the prime factors of u(8).
13, 277
Let h(q) = 11*q**2 + 62*q + 40. Let o be h(-14). Suppose i - 178 - o = -2*w, -2*i + 3018 = 2*w. What are the prime factors of i?
2, 3, 7
Let t(k) = 405*k**2 - 100*k + 561. What are the prime factors of t(6)?
3, 37, 131
What are the prime factors of 14188/12*(-6)/(-30)*45?
3, 3547
Let l = -678 - -332. Let z = l - -542. List the prime factors of z.
2, 7
Let x(y) = -18*y**2 - 4*y + 21. Let m(a) = -17*a**2 - 4*a + 22. Let g(r) = -4*m(r) + 3*x(r). What are the prime factors of g(-9)?
29, 37
Suppose 15*c + 8*c - 115 = 0. Suppose -1011 = 3*d + r - 4046, -3*d + c*r = -3041. List the prime factors of d.
2, 11, 23
Let q be (-25)/10*(-8)/5. Suppose 0 = q*l - 5*x - 1407, 5*l - 3*x - 1755 = 2*x. What are the prime factors of l?
2, 3, 29
Let i = -560 + 1821. Suppose 0 = 9*j - i - 854. What are the prime factors of j?
5, 47
Suppose w - 139 = 3*q, 96 + 42 = w - 4*q. Let t = -142 + w. Suppose 4*r - 3*g - 791 = t, 2*r + 28 = -3*g + 401. List the prime factors of r.
2, 97
Let k(m) = -1897*m + 54357. List the prime factors of k(0).
3, 18119
Suppose 0 = y + 7*y - 2*y. Suppose -5*r + 3*a + y*a = -4948, 0 = 4*r + 3*a - 3953. List the prime factors of r.
23, 43
Let h(w) = 13*w - 2*w - 27 - 5*w + 3*w. Let k be h(6). Let l = k - 19. What are the prime factors of l?
2
Let t = -654 - -8445. What are the prime factors of t?
3, 7, 53
Suppose 6967648 = 120*l + 729743 - 4331935. List the prime factors of l.
2, 44041
Suppose 5*s = 5*c - 371080, 23557 + 50632 = c - 4*s. List the prime factors of c.
5, 2969
Let k = 11366 + -2886. What are the prime factors of k?
2, 5, 53
Let d = 767 - 543. Suppose -d - 301 = -a. List the prime factors of a.
3, 5, 7
Suppose 8352 - 27672 = -42*c. What are the prime factors of c?
2, 5, 23
Let h(u) = u**2 - 29*u + 69. Let n(k) = 1. Let c(i) = -h(i) - 3*n(i). List the prime factors of c(17).
2, 3, 11
What are the prime factors of (-622662)/(-14) - (4104/(-133))/(-36)?
3, 5, 593
Suppose -i + 1363 = -14*w, -4*w + 3813 = -6*i + 9*i. What are the prime factors of i?
1279
Suppose 10157 = 46*h - 14315. Let p = -474 + h. List the prime factors of p.
2, 29
Suppose 0 = 4*s - 3*k - 47392, 0 = 2*s + k - 2*k - 23698. List the prime factors of s.
7, 1693
Let w(o) = 4084*o - 1514. What are the prime factors of w(5)?
2, 3, 23, 137
Suppose 6*p = 4*p + 3*f - 955, -f - 1405 = 3*p. Let b = 547 + p. List the prime factors of b.
7, 11
Suppose -2*h = 4*q - 6*q + 32, 3*q - 2*h - 49 = 0. Suppose 3*c = 3*w + 1758, 3*w - q + 2 = 0. What are the prime factors of c?
3, 197
Let g = -32 - -4. List the prime factors of (1617/g)/(9/(-24)).
2, 7, 11
Suppose 4*c - 36102 = -2*j, 39*c + j = 35*c + 36105. List the prime factors of c.
3, 17, 59
Let w(d) = -22*d. Let f be w(-1). Let o be (f/(-8))/(2*(-2)/16). Suppose -6*p = -o*p + 240. What are the prime factors of p?
2, 3
Let q(a) = a. Let u be q(5). Suppose -2*j = -2*r + 2, -2*j + 8*r - 17 = 9*r. List the prime factors of (-16)/j*585/u.
2, 3, 13
Let d(c) = c**3 - 41*c**2 - 109*c + 460. What are the prime factors of d(47)?
11, 71
Suppose -20 = -12*l + 7*l. Suppose 4*s - l*w - 4 = 0, s = 2*w - 9 + 5. Suppose s*f - 2*f = 196. List the prime factors of f.
7
Let l(g) = 1296*g + 8. Suppose -924 = 12*y - 936. What are the prime factors of l(y)?
2, 163
Let x(o) = -12 - 11*o + 32*o**3 + 0*o**3 + 20*o**2 - 33*o**3. What are the prime factors of x(12)?
2, 3, 7
Let n(g) = -381*g + 5748. List the prime factors of n(-95).
3, 11, 31, 41
Suppose -143*p - 2*l = -144*p + 46030, -4*p + l = -184120. List the prime factors of p.
2, 5, 4603
Let s be (-3)/(-3)*-17 + (-2)/(-2). Let v = s + 14. List the prime factors of (-1 - 0) + 2 + (77 - v).
2, 5
Suppose z + 22142 = 3*t - z, -22126 = -3*t - 2*z. What are the prime factors of t?
2, 7, 17, 31
Suppose 11*j - 50*j = 247580 - 729620. List the prime factors of j.
2, 3, 5, 103
Let d(j) = 2*j**2 + 8*j + 6. Let g be d(-3). What are the prime factors of (-1)/(g + 1)*776/(-8)?
97
Let u(z) = 2*z**3 + 27*z**2 + 13*z + 2. Let o be u(-13). Suppose 3*n = -3*d + 435, -3*n + 5*d + 685 = o*n. What are the prime factors of 6/2 + n + -3?
3, 47
Suppose 0 = 2*m - 4*u - 98476, -27*m - 3*u - 98482 = -29*m. List the prime factors of m.
2, 5, 197
Let 